{"id":1914,"date":"2018-04-12T10:34:14","date_gmt":"2018-04-12T08:34:14","guid":{"rendered":"http:\/\/sop-records.org\/?page_id=1914"},"modified":"2018-04-18T09:20:53","modified_gmt":"2018-04-18T07:20:53","slug":"exxxxtraporno","status":"publish","type":"page","link":"https:\/\/sop-records.org\/?page_id=1914","title":{"rendered":"exxxxtra*porno"},"content":{"rendered":"<p>V \u010drnilu ful opazk k se oblikujejo v sledi na papirju k ma ful \u010drk k se pove\u017eejo v besede k se kotalijo \u010dez ustnice k se odbijajo od strun k vibrirajo med stenami k se zaletavajo in limajo na ko\u017eo k se jih ne da spraskat k se za\u017erejo povsod k so bl trdovratne od \u0161ovinizma k je povsod in ga je treba izdret k ko\u0161\u010dice iz pomaran\u010dnih krhljev.<br \/>\nFeminizem + poezija + kitara + experimental trash = exxxxtra*porno<\/p>\n","protected":false},"excerpt":{"rendered":"<p>V \u010drnilu ful opazk k se oblikujejo v sledi na papirju k ma ful \u010drk k se pove\u017eejo v besede k se kotalijo \u010dez ustnice k se odbijajo od strun k vibrirajo med stenami k se zaletavajo in limajo na ko\u017eo k se jih ne da spraskat k se za\u017erejo povsod k so bl trdovratne [&hellip;]<\/p>\n","protected":false},"author":1,"featured_media":1915,"parent":17,"menu_order":0,"comment_status":"closed","ping_status":"closed","template":"artist.php","meta":{"footnotes":""},"class_list":["post-1914","page","type-page","status-publish","has-post-thumbnail","hentry"],"wps_subtitle":"","_links":{"self":[{"href":"https:\/\/sop-records.org\/index.php?rest_route=\/wp\/v2\/pages\/1914","targetHints":{"allow":["GET"]}}],"collection":[{"href":"https:\/\/sop-records.org\/index.php?rest_route=\/wp\/v2\/pages"}],"about":[{"href":"https:\/\/sop-records.org\/index.php?rest_route=\/wp\/v2\/types\/page"}],"author":[{"embeddable":true,"href":"https:\/\/sop-records.org\/index.php?rest_route=\/wp\/v2\/users\/1"}],"replies":[{"embeddable":true,"href":"https:\/\/sop-records.org\/index.php?rest_route=%2Fwp%2Fv2%2Fcomments&post=1914"}],"version-history":[{"count":5,"href":"https:\/\/sop-records.org\/index.php?rest_route=\/wp\/v2\/pages\/1914\/revisions"}],"predecessor-version":[{"id":1939,"href":"https:\/\/sop-records.org\/index.php?rest_route=\/wp\/v2\/pages\/1914\/revisions\/1939"}],"up":[{"embeddable":true,"href":"https:\/\/sop-records.org\/index.php?rest_route=\/wp\/v2\/pages\/17"}],"wp:featuredmedia":[{"embeddable":true,"href":"https:\/\/sop-records.org\/index.php?rest_route=\/wp\/v2\/media\/1915"}],"wp:attachment":[{"href":"https:\/\/sop-records.org\/index.php?rest_route=%2Fwp%2Fv2%2Fmedia&parent=1914"}],"curies":[{"name":"wp","href":"https:\/\/api.w.org\/{rel}","templated":true}]}}